
True
Is 18413705017 composite?
False
Is 144411929 a prime number?
True
Is 16321929779 a composite number?
True
Is 8204443019 a composite number?
True
Is 5337013471 a composite number?
False
Is 537840997 a prime number?
True
Is 138731959 a prime number?
True
Is 1524992017 prime?
True
Is 1180251001 composite?
False
Is 404875433 a prime number?
True
Is 1876504835 a composite number?
True
Is 9726516937 composite?
False
Is 151259710787 composite?
True
Is 323596661 a prime number?
True
Is 4904565119 composite?
True
Is 56425464877 a prime number?
True
Is 6255771133 prime?
True
Is 99342092089 a composite number?
True
Is 74101283822 a composite number?
True
Is 219343513 prime?
True
Is 34343160977 prime?
True
Is 282931741 a composite number?
True
Is 3859075777 composite?
False
Is 20583250741 prime?
False
Is 92322415 prime?
False
Is 2416824989 prime?
False
Is 3988593977 a composite number?
False
Is 648937349 prime?
True
Is 758673997 prime?
False
Is 77608094897 a prime number?
True
Is 578929499 composite?
False
Is 146444223 a composite number?
True
Is 20023990871 a prime number?
False
Is 229822828937 prime?
False
Is 14068658137 a composite number?
False
Is 123973241 prime?
False
Is 197992827139 composite?
True
Is 20236471117 composite?
False
Is 133980684553 composite?
True
Is 22550829887 a prime number?
False
Is 4331521127 composite?
False
Is 24829963805 a prime number?
False
Is 1521274819 composite?
False
Is 787323343 composite?
False
Is 413125751 a composite number?
False
Is 1619633219 a composite number?
True
Is 35979575059 prime?
True
Is 69403985447 composite?
False
Is 4153906082 composite?
True
Is 34952429 composite?
False
Is 16201720673 composite?
True
Is 1835344811 a composite number?
False
Is 250091593 a prime number?
False
Is 837797209 a composite number?
False
Is 1486321163 a composite number?
True
Is 279802879 a prime number?
False
Is 1722472439 a prime number?
False
Is 435706859 prime?
False
Is 80207637649 composite?
False
Is 3712334293 a prime number?
True
Is 5965008873 composite?
True
Is 79432888363 a composite number?
True
Is 6507627227 composite?
False
Is 20138615767 prime?
True
Is 221508887 composite?
True
Is 32647784993 composite?
False
Is 16518938467 a composite number?
False
Is 164503976519 prime?
False
Is 13045793237 prime?
True
Is 1381465051 a composite number?
False
Is 8164286671 a composite number?
False
Is 31139270007 a prime number?
False
Is 1924534439 prime?
True
Is 1264085513 composite?
True
Is 1964851771 composite?
False
Is 1392262349 a prime number?
False
Is 160424837 prime?
True
Is 237328711603 a composite number?
True
Is 1713785651 prime?
True
Is 13760397881 a prime number?
False
Is 363422467 prime?
False
Is 404122177 a prime number?
False
Is 88837313 a composite number?
False
Is 3177739549 prime?
True
Is 210642857 a composite number?
True
Is 94787723909 composite?
True
Is 3151754587 composite?
True
Is 191789245787 a prime number?
False
Is 18418174967 prime?
True
Is 2113406317 a prime number?
False
Is 5059184227 composite?
False
Is 12588791837 a composite number?
True
Is 3032308453 prime?
True
Is 1200165531 composite?
True
Is 10385276071 a composite number?
False
Is 11760795331 composite?
True
Is 1418073271 a composite number?
False
Is 76408471421 a prime number?
False
Is 39640253161 a prime number?
True
Is 516895139 composite?
False
Is 157856418593 a prime number?
False
Is 2934445207 a composite number?
False
Is 5498016967 a composite number?
False
Is 312824459 a composite number?
True
Is 2572904473 a prime number?
True
Is 7873743863 a composite number?
False
Is 16411803359 prime?
False
Is 965565803 a prime number?
True
Is 8755228931 a composite number?
False
Is 28328159203 a prime number?
False
Is 73814159257 prime?
True
Is 3886787111 composite?
False
Is 8986877729 a prime number?
True
Is 18523015967 a composite number?
False
Is 374897789587 prime?
True
Is 150186061 a prime number?
False
Is 511705241 prime?
True
Is 484715377 a prime number?
True
Is 1197277357 composite?
False
Is 250114847 composite?
False
Is 32859523399 composite?
True
Is 217802773 a prime number?
True
Is 15973283278 a prime number?
False
Is 32528222347 a prime number?
False
Is 41485465001 a prime number?
True
Is 649519136121 composite?
True
Is 1603850957 a prime number?
True
Is 254312501 composite?
False
Is 35504836789 a composite number?
True
Is 10366941617 composite?
False
Is 85353999818 a composite number?
True
Is 60761339 prime?
False
Is 13146867245 composite?
True
Is 11960045131 a prime number?
False
Is 153493063 a prime number?
False
Is 5966633009 a prime number?
False
Is 49677787 composite?
False
Is 13943332817 prime?
True
Is 7259066701 prime?
True
Is 7145771 composite?
True
Is 46637943994 composite?
True
Is 48631629413 composite?
False
Is 667360861 a prime number?
True
Is 22543174981 composite?
True
Is 74944117 prime?
True
Is 70162777 a composite number?
False
Is 370459073 prime?
False
Is 13549182557 prime?
False
Is 105541003 a prime number?
False
Is 936688079 a composite number?
False
Is 844196989 a composite number?
True
Is 704243521 prime?
False
Is 130744001 composite?
True
Is 5107972603 composite?
False
Is 1715151419 a composite number?
True
Is 23076266639 prime?
False
Is 1202488871 a prime number?
False
Is 3906213463 prime?
True
Is 823921459 a composite number?
True
Is 14065163842 prime?
False
Is 1355817691 a composite number?
False
Is 56272650737 prime?
True
Is 29314749539 a prime number?
True
Is 578464231 a prime number?
False
Is 6024294571 a prime number?
False
Is 3881666141 a composite number?
False
Is 25079224353 prime?
False
Is 500849147 a composite number?
False
Is 568331999 a prime number?
False
Is 25943356327 a composite number?
True
Is 104679767 a prime number?
True
Is 5542674485 composite?
True
Is 112996061 composite?
False
Is 13568480917 a composite number?
True
Is 95666993 a prime number?
True
Is 982264453 a composite number?
False
Is 11965492489 a composite number?
True
Is 3283362791 a composite number?
False
Is 6170546449 prime?
False
Is 38077656277 prime?
False
Is 373247317 composite?
False
Is 95744177 prime?
False
Is 40781116117 prime?
False
Is 354417623 a composite number?
True
Is 616298119 prime?
True
Is 1952580233 a composite number?
True
Is 3772467301 prime?
True
Is 131094083 prime?
False
Is 50015591342 composite?
True
Is 76835658941 a prime number?
True
Is 6526080469 prime?
True
Is 464775503 composite?
True
Is 3894243709 composite?
False
Is 3761796803 prime?
True
Is 16577753266 a prime number?
False
Is 11313031417 prime?
True
Is 2181851713 composite?
False
Is 38442220715 composite?
True
Is 377410687 composite?
False
Is 745953649 a composite number?
True
Is 31616643439 a prime number?
False
Is 49619467211 composite?
False
Is 654941479 a prime number?
True
Is 2433476783 prime?
False
Is 50044361 composite?
False
Is 14127285587 prime?
False
Is 1394408797 a composite number?
True
Is 122203831 prime?
True
Is 1134272539 a prime number?
False
Is 22196013691 composite?
False
Is 19362345529 a composite number?
False
Is 676098347 a composite number?
True
Is 6766698857 prime?
True
Is 2218174859 a prime number?
False
Is 3031349819 a prime number?
False
Is 39095701583 a composite number?
False
Is 1819007929 a composite number?
False
Is 1534054133 a prime number?
False
Is 15442457629 prime?
True
Is 1076939141 prime?
True
Is 67572931 a composite number?
False
Is 177030983 composite?
False
Is 27524345 a prime number?
False
Is 877637707 composite?
True
Is 5377586033 a composite number?
False
Is 15783688937 a composite number?
False
Is 166643047 composite?
True
Is 488522107 a composite number?
True
Is 77663900569 composite?
False
Is 501218249 a composite number?
True
Is 69611087353 prime?
False
Is 23118640481 prime?
True
Is 1947492667 a prime number?
False
Is 265499551 composite?
True
Is 5779720019 composite?
False
Is 201388912195 a composite number?
True
Is 45486593 prime?
True
Is 11015398189 a prime number?
False
Is 31975546541 prime?
True
Is 1743022031 a composite number?
True
Is 3781403917 a composite number?
False
Is 330079303 a composite number?
False
Is 76441346257 a prime number?
True
Is 10841131877 composite?
True
Is 16555811071 a composite number?
False
Is 10490909963 a prime number?
True
Is 12568269827 a prime number?
Tru